 x(1). Let u = -334 + 352. What is the highest common divisor of p and u?
3
Suppose -q + 36 = 5*q. What is the greatest common factor of q and 4?
2
Let n be -99 + 193 - 8/2. What is the highest common divisor of 585 and n?
45
Let d(x) = 13*x**2 + 2*x + 1. Let k be (-2)/(-3)*(-1)/4*6. Let c be d(k). What is the highest common factor of 3 and c?
3
Let c(i) = i**3 + 6*i**2 - 8*i + 6. Let q be c(-7). Let n = 161 - 57. Calculate the greatest common factor of n and q.
13
Suppose 0 = 4*n - 187 - 65. Suppose 0 = 3*p + 2*a - 84, 24 = 3*p + a - n. Calculate the highest common divisor of 18 and p.
6
Suppose 0 = 6*y - 167 - 13. Calculate the greatest common divisor of y and 70.
10
Suppose -16*v - 300 = -22*v. What is the highest common factor of 50 and v?
50
Let i(l) = -l**3 + 11*l**2 + 12*l + 10. Let p be i(12). Suppose 3*q - 2*t = 7, -q = 2*q + t - p. What is the greatest common factor of 1 and q?
1
Suppose 113 = 5*f + 14*b - 10*b, -56 = -2*f + 2*b. What is the highest common divisor of f and 175?
25
Suppose 0*u = 10*u + 340. Let y = 58 + u. Calculate the highest common factor of y and 48.
24
Suppose 3*j = -13 + 1. Let m = 3 - j. Calculate the greatest common factor of 21 and m.
7
Let s = 69 + 41. Suppose -4*k - k = -s. What is the greatest common divisor of k and 154?
22
Suppose -333 = -11*r - 146. Calculate the greatest common factor of r and 1.
1
Suppose 2*l = -5*s + 60, 5*s - 5*l + 5 = 65. What is the greatest common factor of s and 27?
3
Let w = -12 + 14. Let f be 2 - (w/12 - (-1810)/(-60)). Calculate the greatest common factor of f and 80.
16
Let j(v) = -v**2 - 34*v + 36. Let l be j(-32). What is the greatest common divisor of l and 500?
100
Let g(v) = -v**3 + 3*v**2 + 4*v - 7. Suppose -6*x + 5*x + 3 = 0. Let i be g(x). Calculate the highest common divisor of 5 and i.
5
Suppose 0 = 5*s + 3*j - 120, 3*s - 7*s + 2*j = -96. Calculate the greatest common divisor of s and 128.
8
Let g = -110 + 174. Let j be (-2)/3*(-7 + 1). Suppose -3*r + i = -j*i - 455, -r + 135 = -5*i. What is the highest common divisor of g and r?
32
Let d be (-1)/4*(-9 + 5). Suppose -d = -o + 4. Suppose t + 5*l = 13 + 30, -o*l = 3*t - 99. Calculate the highest common factor of 7 and t.
7
Let k = 365 - 361. Calculate the highest common factor of k and 124.
4
Let n(o) = o**3 + 5*o**2 - 12*o + 15. Let c be n(-7). Let j be ((-4)/c + 44)/2. Calculate the greatest common divisor of j and 140.
20
Let r be -3 + 300/(1 - -1). Suppose 12*v = r - 27. Calculate the greatest common divisor of 110 and v.
10
Let n be (4/14)/((-4)/280*-5). Suppose p + n*z = z + 123, -p = z - 129. Calculate the greatest common factor of 24 and p.
12
Let x = -1377 - -1416. Calculate the greatest common divisor of 624 and x.
39
Suppose -8*r + 6*r = 2*a - 18, 4*r = 3*a - 41. What is the highest common factor of a and 704?
11
Suppose -38*b + 33*b + z + 153 = 0, -99 = -3*b + 3*z. What is the greatest common factor of 45 and b?
15
Suppose -131 = -5*h + 2*g, 4*g - 113 = -5*h - 0*g. What is the greatest common divisor of h and 2?
1
Suppose 3*m + 15 = 0, 4*w + 4*m = 2*m + 102. Let q be (-9 + 0)*(-12)/9. Suppose 4*d + 7 + 1 = 2*z, 3*z - 4*d = q. What is the greatest common factor of w and z?
4
Let u be (-8694)/(-135) + 3/5. Calculate the highest common divisor of 39 and u.
13
Let b = 163 + -154. Calculate the highest common factor of b and 243.
9
Let y be 11/((1/(-13))/(-1)). Let k(u) = -u + 13. Let q be k(0). What is the greatest common divisor of q and y?
13
Suppose -3*i + 38 = -5*f, 2*f - 5*f = 4*i - 70. Let d = i - 17. Let m be -8*(d + (-4)/(-16)). What is the highest common divisor of 6 and m?
6
Let s(a) = a**3 - 14*a**2 + 27*a + 14. Let c be s(12). What is the greatest common factor of 275 and c?
25
Let a be (-8)/(-20)*(-15)/6. Let t be (30/(-12))/(a/10). What is the highest common factor of t and 50?
25
Let w = -4391 - -4397. Let h = -2 + 3. Let o be 3/(1 + h + -1). Calculate the greatest common divisor of w and o.
3
Suppose 279 = 4*t - 161. Suppose -60 = -4*b + 5*c, 4*b - 26 = 3*b + 4*c. Calculate the highest common factor of t and b.
10
Let d be -6*(-226)/40 - 378/(-3780). Let b(l) = -l**3 - 7*l**2 - 6*l + 9. Let j be b(-7). Calculate the highest common divisor of j and d.
17
Suppose 3*j + 5*q = 130, 39 = 2*j - 5*q - 31. Let m = -18 + 35. Let r = -9 + m. What is the greatest common factor of j and r?
8
Suppose 5*i + 0 + 3 = -n, 0 = -2*n + 4*i + 50. Suppose -2*j - 20 = -7*j. Suppose j*w - n = 255. What is the highest common factor of 17 and w?
17
Let n be (-17)/((-17)/(-10))*-1. What is the greatest common divisor of n and 20?
10
Suppose -3*z + 4*s = -164, 2*s = 4*z - 5*z + 68. Calculate the highest common divisor of z and 135.
15
Let c(h) = -8*h + 1. Let n be c(-1). Suppose -4*z = -n*z. Suppose -m = -2 - z. What is the greatest common factor of m and 4?
2
Let i(x) = 3*x - 6. Let m be i(8). Let t be 0/4 - 6/(-3). Suppose -4 + 0 = -t*b. What is the greatest common divisor of b and m?
2
Suppose 3*q = -h + 3, -5*h = -2*h - 2*q - 9. Let m be (h + -120)/(-3) - 6/(-2). Calculate the greatest common divisor of 6 and m.
6
Suppose 0 = -2*k + 5*k - 1920. Let c = k + -309. Let w = c - 210. Calculate the greatest common divisor of w and 11.
11
Let h be 388/14 + (-4)/(-14). Let b be (-71)/(-4) + 2/8. Suppose b - 130 = -8*f. What is the highest common factor of h and f?
14
Let p(w) = 2*w**2 + 11*w + 5. Let t(a) = 2*a - 31. Let c be t(18). Let h be p(c). What is the greatest common factor of 22 and h?
22
Let y(w) = w**2 - 8*w - 21. Let v be y(9). Let b be 6/18*(0 + v). Let x be ((-16)/5)/(b/10). What is the greatest common factor of 4 and x?
4
Let u be (-1 - 3)*(-81)/6. What is the highest common divisor of u and 414?
18
Let h be (-1 - (-19 + 0))/2. Suppose -3*d + 6*d = h. Suppose -4*a + 7*a = 3*c + 75, d*a + 2*c = 75. Calculate the greatest common divisor of a and 5.
5
Let x be (3 - -193)*(3/4 + 0). Calculate the greatest common factor of x and 42.
21
Let k(j) = 2*j**3 - 27*j**2 + 36*j + 16. Let d be k(12). What is the highest common divisor of d and 104?
8
Let q be -1004*7/(-140) - (-1)/(-5). Calculate the highest common factor of 80 and q.
10
Let x(i) = -i**3 + 7*i**2 - 8*i + 8. Let o(u) = 2*u**2 + 19*u + 13. Let s be o(-9). Let m be x(s). Calculate the greatest common factor of m and 56.
8
Suppose 0 = 3*u + 2*u + 2295. Suppose -5 = -5*a + 10. Let t be 1 + u/(0 - a). Calculate the greatest common factor of t and 14.
14
Suppose -9*m - 8910 = -54*m. What is the highest common factor of m and 77?
11
Suppose -277*x + 279*x = 26. What is the greatest common factor of x and 9?
1
Let l = 449 + -392. What is the greatest common factor of 456 and l?
57
Suppose 2*z - 273 = -3*w - 99, 4*w - 209 = 5*z. Calculate the highest common factor of 378 and w.
14
Suppose 0 = -3*c - c + 20. Suppose -6*q + 5*q = -c. Suppose 100 = 5*y - 3*a, y + q*a = -2*y + 94. Calculate the greatest common factor of y and 207.
23
Suppose -30*j + 50*j - 40 = 0. Calculate the highest common factor of j and 80.
2
Let n be (-12)/30 + 12*(-28)/(-40). Suppose -z = -n*z + 595. What is the highest common divisor of 17 and z?
17
Suppose -56*j + 2210 = -39*j. Calculate the highest common divisor of j and 70.
10
Suppose -3*n - 15 - 20 = -5*t, -2*n + 50 = 4*t. Let p = -36243 - -36283. Calculate the highest common divisor of p and t.
10
Let t be 3*(-1)/(3/(-2)). Let k be (t/4)/((-11)/(-22)). Let g(i) = 6*i - 1. Let j be g(k). What is the greatest common factor of j and 20?
5
Let z be ((510/36)/17 + 0)*6. What is the highest common divisor of 55 and z?
5
Suppose 0 = 27*n + 14*n - 205. Calculate the greatest common divisor of 3 and n.
1
Suppose 908 - 2444 = -4*j. Calculate the greatest common divisor of j and 24.
24
Let u(b) be the third derivative of -b**5/30 + 2*b**4/3 - b**3 - 7*b**2. Let q be u(7). What is the highest common divisor of q and 1?
1
Let s = -14 + 64. Let w(v) = -25*v**3 + 4*v**2 + 2*v - 2. Let c be w(-1). What is the greatest common divisor of s and c?
25
Suppose -2*y + 146 = 4*m, 3*y + 4*m = 4*y - 49. Let z = y + -49. What is the greatest common factor of 24 and z?
8
Let f be -106 + (-1 - -31)/(-6). Let o = -48 - f. What is the highest common divisor of o and 7?
7
Let a(v) = 11*v**2 + 3*v. Let q be a(3). Let w = -44 - -42. Let d = q - w. What is the highest 